it of w?
5
Let z(r) = r**3 - 4*r**2 - 2*r - 4. Let g be z(5). Suppose -3*w - 3*f = -2*f - g, -4*f = -4*w - 12. What is the tens digit of w/(16/156) + (-4)/8?
1
Let v = 62 + 6. Let p = 65 - v. What is the hundreds digit of (-6)/9*p - -145?
1
Suppose -12*u - 7*u = -39387. Let o = u - 1274. What is the hundreds digit of o?
7
Suppose -g - 3 + 21 = -3*m, 3*g = -5*m + 82. Let t = -18 + g. Suppose 0*j - t*j = -582. What is the tens digit of j?
9
Suppose 0 = -6*s - 2139 + 7173. Suppose s = 2*g - 1041. What is the hundreds digit of g?
9
Let i be ((-6)/15)/((-1)/(-5)). Let l be -6 - 2/(i/3) - -8. Suppose -l*a = -3*o + 113, 40 - 204 = -4*o + 4*a. What is the units digit of o?
6
Suppose 0 = -52314*w + 52316*w - 74460. What is the units digit of w?
0
Let k(c) = -11*c**3 - 18*c**2 - 17*c - 33. What is the tens digit of k(-9)?
8
What is the tens digit of (-12)/(-9)*((-206808)/(-32) - -18)?
4
Let u(s) = -204*s**3 + 2*s**2 - 2*s - 2. Let a be u(-2). Suppose a = -19*m - 5768. Let t = 549 + m. What is the hundreds digit of t?
1
Let w(f) = -f**2 + 5*f + 12. Let c(u) = u + 16. Let t be c(-13). Suppose 2*z + 6*b - 22 = t*b, b - 29 = -5*z. What is the tens digit of w(z)?
1
Let p(l) = 12*l - 19. Let s be (2/6)/(17/255). What is the tens digit of p(s)?
4
Suppose 4*c = -3*j - 467 + 36, 5*c - 467 = 3*j. Let g = j - -354. Let l = -119 + g. What is the tens digit of l?
8
Let o = 367 + -362. Suppose 490 = o*h - 4*a, 0*h + 4*a = -h + 98. What is the units digit of h?
8
Suppose 303*q - 20 = 299*q. What is the units digit of 784 - (8/(-20) + (-18)/q)?
8
Let x = -188 - -266. Suppose 76*h + 402 = x*h. Let s = -142 + h. What is the tens digit of s?
5
Suppose o - 102 = 3*t, -4*t + 0*t - 3*o = 149. Suppose x - 54 = -l, -x + 2*x - 51 = -4*l. What is the units digit of (-5)/t - x/(-7)?
8
Let c be 1712/(-12) + 12/18. Let l = -115 - c. What is the units digit of l?
7
Let d = 56999 + -36020. What is the thousands digit of d?
0
Let f(a) = 2*a**2 - 3*a - 4. Let i be f(-6). Let x(y) = y**2 + 16*y - 41. Let h be x(8). Let z = h - i. What is the tens digit of z?
6
Let b(u) = 27*u**3 + 20*u**2 - 91*u - 50. What is the tens digit of b(9)?
3
Let g(n) be the first derivative of -3*n**2/2 - 8*n + 1. Let k be g(-7). Suppose -15*z = -k*z - 114. What is the units digit of z?
7
Suppose -4*t + 12 = 2*t. Suppose -15 - 55 = t*s. Let v = -29 - s. What is the units digit of v?
6
Suppose 435*t = 430*t - 40. Let n(v) = 9*v**2 + 51*v - 5. What is the hundreds digit of n(t)?
1
Let n be (6/4)/((-39)/52). Let v(y) = -y**3 - y**2 - y - 1. Let q be v(n). Let k(c) = 5*c**2 + c - 13. What is the units digit of k(q)?
7
Suppose 968636 = 209*v - 1357325. What is the thousands digit of v?
1
Let f(r) = -7*r - 4. Let g be f(-6). Suppose -5*l + 30 = 5. Suppose -3*w + 380 - g = -2*h, -l*h = 4*w - 479. What is the hundreds digit of w?
1
Let n = 298 - 413. Let q = n + 172. What is the tens digit of q?
5
Let a = -429 - -435. Suppose -6*j = a*j - 3636. What is the hundreds digit of j?
3
Let a = -7 + 8. Let t be 31 - (2 - a)/1. Suppose -32*n + 128 = -t*n. What is the units digit of n?
4
Let y = -43 + 87. Let s = -44 + y. Suppose s = -c - 0*c + 63. What is the tens digit of c?
6
Let c = 228 + -228. Suppose -3*n - 3*m + 1029 = c, -4*n = -5*m + m - 1396. What is the hundreds digit of n?
3
Suppose -241*x + 238*x = -17832. What is the hundreds digit of x?
9
Let r be 0/((1 - (0 - -1)) + -1). Suppose r*y - 1176 = 3*y. What is the units digit of (3*(-4)/(-8))/((-6)/y)?
8
Let m(p) be the first derivative of -20*p**2 + 30*p - 21. Let w be m(5). Let g = -119 - w. What is the tens digit of g?
5
Let m = 248 + -245. Suppose m*y = -0*r - 2*r + 514, 5*y = 0. What is the hundreds digit of r?
2
Suppose 17339 = 19*f - 8596. Suppose 15*a = 30*a - f. What is the tens digit of a?
9
Let r(m) = 34*m**3 - 14*m**3 - 11*m**2 - 2*m + 3*m + 18 - 19*m**3. Let a be r(4). Let x = 55 - a. What is the units digit of x?
5
What is the hundreds digit of 80/(-720) + (-123706)/(-9)?
7
Suppose o + 4*r - 3587 = 0, -11632 + 4458 = -2*o - 3*r. What is the units digit of o?
7
Let k = 28945 - 17118. What is the ten thousands digit of k?
1
Suppose -4*i - 2*y = -92, 0 = -i + 2*y - 8 + 31. Suppose 2*s = -4, 3*l - 2*s - i - 80 = 0. Let z = l - 1. What is the tens digit of z?
3
Suppose -5*q - 5*q - 650 = 0. Let h = q + 27. What is the hundreds digit of (14/2*h)/(-12 + 10)?
1
Suppose 0 = -5*w + 25, 0 = n - 0*w - 2*w + 107. Let d = -97 - n. Suppose d = 5*i + 115 - 310. What is the tens digit of i?
3
Let j(u) = 5*u**3 - 2*u - 1. Let w be j(-2). Let a = 31 + w. Let d = 66 + a. What is the units digit of d?
0
Suppose 50*g - 108323 - 1548727 = 0. What is the tens digit of g?
4
Suppose -288 = 58*l - 62*l. What is the units digit of l/((-10)/(-5) + (-112)/60)?
0
Let o(h) = 12*h**3 - 6*h**2 - h - 6. Let w(m) = 11*m**3 - 6*m**2 - 2*m - 5. Let b(v) = -3*o(v) + 4*w(v). What is the tens digit of b(5)?
2
Let v(i) be the third derivative of -i**5/30 + 19*i**4/24 - 13*i**3/6 + 44*i**2. Let q be v(17). Let w = q + 486. What is the tens digit of w?
1
Suppose -5*b + 224297 = -181*u + 177*u, -4*u = b - 44893. What is the ten thousands digit of b?
4
Let z = 41 + -30. Suppose -z + 2 = -3*k. What is the tens digit of (5/k)/(15/720)?
8
Let q = -359 - -365. Let b(r) be the first derivative of -r**4/4 + 2*r**3 + r**2/2 + 4*r - 2. What is the units digit of b(q)?
0
Let a(x) = 4*x**3 - 62*x**2 + 22*x - 15. What is the hundreds digit of a(18)?
6
Suppose 26*g - 344465 = 133463 - 83326. What is the ten thousands digit of g?
1
Suppose 92*f = 2080879 + 3341049. What is the hundreds digit of f?
9
Let y(h) be the third derivative of 11*h**5/10 - 7*h**4/12 + h**3/6 + 184*h**2. What is the hundreds digit of y(2)?
2
What is the thousands digit of (2185/874)/(5/15944)?
7
Suppose -15*k + 51464 = -70756. What is the thousands digit of k?
8
Suppose 3*m - f = 698, 3*m - 267 = -3*f + 423. Suppose 0 = 29*c - 10299 - 5419. Suppose 6*u = m + c. What is the units digit of u?
9
Let m(w) = -1. Let l(v) = -v**3 + 9*v**2 - 4*v + 3. Let k(j) = l(j) - 4*m(j). Suppose 7*h + 106 = 134. What is the tens digit of k(h)?
7
Suppose 22*r + 926496 = 24*r + 94*r. What is the hundreds digit of r?
6
Suppose 34*u - 150 - 656770 = -94832. What is the ten thousands digit of u?
1
What is the tens digit of 789690/120 + 6/(-8) - -1?
8
Let u(n) = 182*n - 82. What is the tens digit of u(13)?
8
Suppose 2*s = 10, -223880 = -4*q - 479*s + 483*s. What is the tens digit of q?
7
What is the units digit of 1*(-41845)/(-3)*(3 - (3 + -3))?
5
Suppose 1473*p - 417736 = 1385*p. What is the units digit of p?
7
Suppose 4*j = 2*d + 234, -d + 3 = -0*d. Let q be (-1)/4 + 15/j. Suppose q = x - l - 58, 3*x = 2*x - 3*l + 74. What is the units digit of x?
2
Suppose 4*q + 0*q - 3*h = -3671, -2748 = 3*q - 4*h. Let a = -522 - q. What is the tens digit of a?
9
Let i = -274 - -413. Let k = i + 21. What is the tens digit of k?
6
Let i = -2064 + 2066. Let o = -23 - -16. What is the hundreds digit of i/(-15) - ((-158095)/(-75))/o?
3
Let k = -708 + 286. Suppose -5*j - 1198 - 287 = 0. Let y = j - k. What is the hundreds digit of y?
1
Suppose -2*q + 68 = 2*q + 4*k, 59 = 3*q + k. Let t be ((-6)/q)/(3/(-21)). Suppose -2*p = -3*l - t*l + 235, 4*l - 206 = -2*p. What is the tens digit of l?
4
Let j(w) = 2*w - 34 - 123*w - 255*w - 126*w. Let d be j(-4). Suppose 36*h - 29*h = d. What is the hundreds digit of h?
2
Let o(t) = 55*t**3 - 2*t**2 - t + 6. Let c be o(2). Suppose 7*i + c = 7982. What is the units digit of i?
8
Let c be 1 - ((-3 - -1) + 113). Let d = -80 + c. Let r = d - -440. What is the hundreds digit of r?
2
Let p = 2261 + 2449. What is the hundreds digit of p?
7
Let a = -918 - -1404. Suppose -154 = r - a. What is the units digit of r?
2
Let v = -880 - -602. What is the units digit of v/6*(18 + -21)?
9
Suppose -5*c - 13 - 22 = -5*a, 3*a = -5*c - 11. Suppose a*j - 1683 = -2*u, -4*j - 4265 = -2*u - 3*u. What is the hundreds digit of u?
8
Let x(d) = 19*d**3 - 22*d**2 + 33*d - 27. What is the thousands digit of x(9)?
2
Let a(w) be the first derivative of -11*w**2 + 4*w + 6. Let l(k) = 43*k - 7. Let y(p) = 11*a(p) + 6*l(p). What is the tens digit of y(3)?
5
Suppose 34*p - 30*p = -5*s + 28252, -3*p + 2*s = -21212. What is the units digit of p?
8
Suppose 0 = 11*g - 19323 + 4132